{"id":2255,"date":"2025-04-10T15:34:51","date_gmt":"2025-04-10T15:34:51","guid":{"rendered":"https:\/\/mhinteriores.pt\/loja\/?post_type=product&#038;p=2255"},"modified":"2025-04-14T10:04:54","modified_gmt":"2025-04-14T10:04:54","slug":"mesa-de-centro-nalu-157x96-mh-interiores","status":"publish","type":"product","link":"https:\/\/mhinteriores.pt\/loja\/produto\/mesa-de-centro-nalu-157x96-mh-interiores\/","title":{"rendered":"Mesa de Centro Nalu 157\u00d796 &#8211; MH Interiores"},"content":{"rendered":"<p>A maior mesa de centro da cole\u00e7\u00e3o do est\u00fadio Palomba-Serafini \u00e9 uma verdadeira joia da sala de estar: o mosaico de gr\u00e9s esmaltado que comp\u00f5e o tampo repousa sobre uma estrutura sim\u00e9trica de alum\u00ednio pintado e oferece um tampo de mesa inimit\u00e1vel.<\/p>\n<p><span class=\"info-list-title\">Embalagem:<\/span>1+1<\/p>\n","protected":false},"excerpt":{"rendered":"<p>A maior mesa de centro da cole\u00e7\u00e3o do est\u00fadio Palomba-Serafini \u00e9 uma verdadeira joia da sala de estar: o mosaico de gr\u00e9s esmaltado que comp\u00f5e o tampo repousa sobre uma<\/p>\n","protected":false},"featured_media":2265,"comment_status":"open","ping_status":"closed","template":"","meta":[],"product_cat":[126],"product_tag":[],"class_list":{"0":"post-2255","1":"product","2":"type-product","3":"status-publish","4":"has-post-thumbnail","6":"product_brand-talenti-outdoor-living","7":"product_cat-mesas-centro-apoio-exterior","9":"first","10":"instock","11":"shipping-taxable","12":"product-type-variable"},"yoast_head":"<!-- This site is optimized with the Yoast SEO Premium plugin v24.0 (Yoast SEO v27.4) - https:\/\/yoast.com\/product\/yoast-seo-premium-wordpress\/ -->\n<title>Mesa de Centro Nalu 157\u00d796 - MH Interiores - Loja Decora&ccedil;&atilde;o de Interiores<\/title>\n<meta name=\"description\" content=\"Com um design org\u00e2nico e minimalista, esta mesa retangular de grandes dimens\u00f5es oferece uma combina\u00e7\u00e3o \u00fanica de funcionalidade e estilo contempor\u00e2neo\" \/>\n<meta name=\"robots\" content=\"index, follow, max-snippet:-1, max-image-preview:large, max-video-preview:-1\" \/>\n<link rel=\"canonical\" href=\"https:\/\/mhinteriores.pt\/loja\/produto\/mesa-de-centro-nalu-157x96-mh-interiores\/\" \/>\n<meta property=\"og:locale\" content=\"pt_PT\" \/>\n<meta property=\"og:type\" content=\"article\" \/>\n<meta property=\"og:title\" content=\"Mesa de Centro Nalu 157\u00d796 - MH Interiores\" \/>\n<meta property=\"og:description\" content=\"Com um design org\u00e2nico e minimalista, esta mesa retangular de grandes dimens\u00f5es oferece uma combina\u00e7\u00e3o \u00fanica de funcionalidade e estilo contempor\u00e2neo\" \/>\n<meta property=\"og:url\" content=\"https:\/\/mhinteriores.pt\/loja\/produto\/mesa-de-centro-nalu-157x96-mh-interiores\/\" \/>\n<meta property=\"og:site_name\" content=\"Loja Decora&ccedil;&atilde;o de Interiores\" \/>\n<meta property=\"article:modified_time\" content=\"2025-04-14T10:04:54+00:00\" \/>\n<meta property=\"og:image\" content=\"https:\/\/mhinteriores.pt\/loja\/wp-content\/uploads\/2025\/04\/Mesa-Centro4.webp\" \/>\n\t<meta property=\"og:image:width\" content=\"500\" \/>\n\t<meta property=\"og:image:height\" content=\"500\" \/>\n\t<meta property=\"og:image:type\" content=\"image\/webp\" \/>\n<meta name=\"twitter:card\" content=\"summary_large_image\" \/>\n<meta name=\"twitter:label1\" content=\"Tempo estimado de leitura\" \/>\n\t<meta name=\"twitter:data1\" content=\"1 minuto\" \/>\n<script type=\"application\/ld+json\" class=\"yoast-schema-graph\">{\"@context\":\"https:\\\/\\\/schema.org\",\"@graph\":[{\"@type\":\"WebPage\",\"@id\":\"https:\\\/\\\/mhinteriores.pt\\\/loja\\\/produto\\\/mesa-de-centro-nalu-157x96-mh-interiores\\\/\",\"url\":\"https:\\\/\\\/mhinteriores.pt\\\/loja\\\/produto\\\/mesa-de-centro-nalu-157x96-mh-interiores\\\/\",\"name\":\"Mesa de Centro Nalu 157\u00d796 - MH Interiores - Loja Decora&ccedil;&atilde;o de Interiores\",\"isPartOf\":{\"@id\":\"https:\\\/\\\/mhinteriores.pt\\\/loja\\\/#website\"},\"primaryImageOfPage\":{\"@id\":\"https:\\\/\\\/mhinteriores.pt\\\/loja\\\/produto\\\/mesa-de-centro-nalu-157x96-mh-interiores\\\/#primaryimage\"},\"image\":{\"@id\":\"https:\\\/\\\/mhinteriores.pt\\\/loja\\\/produto\\\/mesa-de-centro-nalu-157x96-mh-interiores\\\/#primaryimage\"},\"thumbnailUrl\":\"https:\\\/\\\/mhinteriores.pt\\\/loja\\\/wp-content\\\/uploads\\\/2025\\\/04\\\/Mesa-Centro4.webp\",\"datePublished\":\"2025-04-10T15:34:51+00:00\",\"dateModified\":\"2025-04-14T10:04:54+00:00\",\"description\":\"Com um design org\u00e2nico e minimalista, esta mesa retangular de grandes dimens\u00f5es oferece uma combina\u00e7\u00e3o \u00fanica de funcionalidade e estilo contempor\u00e2neo\",\"breadcrumb\":{\"@id\":\"https:\\\/\\\/mhinteriores.pt\\\/loja\\\/produto\\\/mesa-de-centro-nalu-157x96-mh-interiores\\\/#breadcrumb\"},\"inLanguage\":\"pt-PT\",\"potentialAction\":[{\"@type\":\"ReadAction\",\"target\":[\"https:\\\/\\\/mhinteriores.pt\\\/loja\\\/produto\\\/mesa-de-centro-nalu-157x96-mh-interiores\\\/\"]}]},{\"@type\":\"ImageObject\",\"inLanguage\":\"pt-PT\",\"@id\":\"https:\\\/\\\/mhinteriores.pt\\\/loja\\\/produto\\\/mesa-de-centro-nalu-157x96-mh-interiores\\\/#primaryimage\",\"url\":\"https:\\\/\\\/mhinteriores.pt\\\/loja\\\/wp-content\\\/uploads\\\/2025\\\/04\\\/Mesa-Centro4.webp\",\"contentUrl\":\"https:\\\/\\\/mhinteriores.pt\\\/loja\\\/wp-content\\\/uploads\\\/2025\\\/04\\\/Mesa-Centro4.webp\",\"width\":500,\"height\":500,\"caption\":\"Mesa Centro\"},{\"@type\":\"BreadcrumbList\",\"@id\":\"https:\\\/\\\/mhinteriores.pt\\\/loja\\\/produto\\\/mesa-de-centro-nalu-157x96-mh-interiores\\\/#breadcrumb\",\"itemListElement\":[{\"@type\":\"ListItem\",\"position\":1,\"name\":\"In\u00edcio\",\"item\":\"https:\\\/\\\/mhinteriores.pt\\\/loja\\\/\"},{\"@type\":\"ListItem\",\"position\":2,\"name\":\"Loja\",\"item\":\"https:\\\/\\\/mhinteriores.pt\\\/loja\\\/loja\\\/\"},{\"@type\":\"ListItem\",\"position\":3,\"name\":\"Mesa de Centro Nalu 157\u00d796 &#8211; MH Interiores\"}]},{\"@type\":\"WebSite\",\"@id\":\"https:\\\/\\\/mhinteriores.pt\\\/loja\\\/#website\",\"url\":\"https:\\\/\\\/mhinteriores.pt\\\/loja\\\/\",\"name\":\"Loja de Decora\u00e7\u00e3o - MH Interiores\",\"description\":\"MH Interiores\",\"publisher\":{\"@id\":\"https:\\\/\\\/mhinteriores.pt\\\/loja\\\/#organization\"},\"potentialAction\":[{\"@type\":\"SearchAction\",\"target\":{\"@type\":\"EntryPoint\",\"urlTemplate\":\"https:\\\/\\\/mhinteriores.pt\\\/loja\\\/?s={search_term_string}\"},\"query-input\":{\"@type\":\"PropertyValueSpecification\",\"valueRequired\":true,\"valueName\":\"search_term_string\"}}],\"inLanguage\":\"pt-PT\"},{\"@type\":\"Organization\",\"@id\":\"https:\\\/\\\/mhinteriores.pt\\\/loja\\\/#organization\",\"name\":\"Loja de Decora\u00e7\u00e3o - MH Interiores\",\"url\":\"https:\\\/\\\/mhinteriores.pt\\\/loja\\\/\",\"logo\":{\"@type\":\"ImageObject\",\"inLanguage\":\"pt-PT\",\"@id\":\"https:\\\/\\\/mhinteriores.pt\\\/loja\\\/#\\\/schema\\\/logo\\\/image\\\/\",\"url\":\"https:\\\/\\\/mhinteriores.pt\\\/loja\\\/wp-content\\\/uploads\\\/2024\\\/12\\\/cropped-MH-Interiores.png\",\"contentUrl\":\"https:\\\/\\\/mhinteriores.pt\\\/loja\\\/wp-content\\\/uploads\\\/2024\\\/12\\\/cropped-MH-Interiores.png\",\"width\":512,\"height\":512,\"caption\":\"Loja de Decora\u00e7\u00e3o - MH Interiores\"},\"image\":{\"@id\":\"https:\\\/\\\/mhinteriores.pt\\\/loja\\\/#\\\/schema\\\/logo\\\/image\\\/\"}}]}<\/script>\n<!-- \/ Yoast SEO Premium plugin. -->","yoast_head_json":{"title":"Mesa de Centro Nalu 157\u00d796 - MH Interiores - Loja Decora&ccedil;&atilde;o de Interiores","description":"Com um design org\u00e2nico e minimalista, esta mesa retangular de grandes dimens\u00f5es oferece uma combina\u00e7\u00e3o \u00fanica de funcionalidade e estilo contempor\u00e2neo","robots":{"index":"index","follow":"follow","max-snippet":"max-snippet:-1","max-image-preview":"max-image-preview:large","max-video-preview":"max-video-preview:-1"},"canonical":"https:\/\/mhinteriores.pt\/loja\/produto\/mesa-de-centro-nalu-157x96-mh-interiores\/","og_locale":"pt_PT","og_type":"article","og_title":"Mesa de Centro Nalu 157\u00d796 - MH Interiores","og_description":"Com um design org\u00e2nico e minimalista, esta mesa retangular de grandes dimens\u00f5es oferece uma combina\u00e7\u00e3o \u00fanica de funcionalidade e estilo contempor\u00e2neo","og_url":"https:\/\/mhinteriores.pt\/loja\/produto\/mesa-de-centro-nalu-157x96-mh-interiores\/","og_site_name":"Loja Decora&ccedil;&atilde;o de Interiores","article_modified_time":"2025-04-14T10:04:54+00:00","og_image":[{"width":500,"height":500,"url":"https:\/\/mhinteriores.pt\/loja\/wp-content\/uploads\/2025\/04\/Mesa-Centro4.webp","type":"image\/webp"}],"twitter_card":"summary_large_image","twitter_misc":{"Tempo estimado de leitura":"1 minuto"},"schema":{"@context":"https:\/\/schema.org","@graph":[{"@type":"WebPage","@id":"https:\/\/mhinteriores.pt\/loja\/produto\/mesa-de-centro-nalu-157x96-mh-interiores\/","url":"https:\/\/mhinteriores.pt\/loja\/produto\/mesa-de-centro-nalu-157x96-mh-interiores\/","name":"Mesa de Centro Nalu 157\u00d796 - MH Interiores - Loja Decora&ccedil;&atilde;o de Interiores","isPartOf":{"@id":"https:\/\/mhinteriores.pt\/loja\/#website"},"primaryImageOfPage":{"@id":"https:\/\/mhinteriores.pt\/loja\/produto\/mesa-de-centro-nalu-157x96-mh-interiores\/#primaryimage"},"image":{"@id":"https:\/\/mhinteriores.pt\/loja\/produto\/mesa-de-centro-nalu-157x96-mh-interiores\/#primaryimage"},"thumbnailUrl":"https:\/\/mhinteriores.pt\/loja\/wp-content\/uploads\/2025\/04\/Mesa-Centro4.webp","datePublished":"2025-04-10T15:34:51+00:00","dateModified":"2025-04-14T10:04:54+00:00","description":"Com um design org\u00e2nico e minimalista, esta mesa retangular de grandes dimens\u00f5es oferece uma combina\u00e7\u00e3o \u00fanica de funcionalidade e estilo contempor\u00e2neo","breadcrumb":{"@id":"https:\/\/mhinteriores.pt\/loja\/produto\/mesa-de-centro-nalu-157x96-mh-interiores\/#breadcrumb"},"inLanguage":"pt-PT","potentialAction":[{"@type":"ReadAction","target":["https:\/\/mhinteriores.pt\/loja\/produto\/mesa-de-centro-nalu-157x96-mh-interiores\/"]}]},{"@type":"ImageObject","inLanguage":"pt-PT","@id":"https:\/\/mhinteriores.pt\/loja\/produto\/mesa-de-centro-nalu-157x96-mh-interiores\/#primaryimage","url":"https:\/\/mhinteriores.pt\/loja\/wp-content\/uploads\/2025\/04\/Mesa-Centro4.webp","contentUrl":"https:\/\/mhinteriores.pt\/loja\/wp-content\/uploads\/2025\/04\/Mesa-Centro4.webp","width":500,"height":500,"caption":"Mesa Centro"},{"@type":"BreadcrumbList","@id":"https:\/\/mhinteriores.pt\/loja\/produto\/mesa-de-centro-nalu-157x96-mh-interiores\/#breadcrumb","itemListElement":[{"@type":"ListItem","position":1,"name":"In\u00edcio","item":"https:\/\/mhinteriores.pt\/loja\/"},{"@type":"ListItem","position":2,"name":"Loja","item":"https:\/\/mhinteriores.pt\/loja\/loja\/"},{"@type":"ListItem","position":3,"name":"Mesa de Centro Nalu 157\u00d796 &#8211; MH Interiores"}]},{"@type":"WebSite","@id":"https:\/\/mhinteriores.pt\/loja\/#website","url":"https:\/\/mhinteriores.pt\/loja\/","name":"Loja de Decora\u00e7\u00e3o - MH Interiores","description":"MH Interiores","publisher":{"@id":"https:\/\/mhinteriores.pt\/loja\/#organization"},"potentialAction":[{"@type":"SearchAction","target":{"@type":"EntryPoint","urlTemplate":"https:\/\/mhinteriores.pt\/loja\/?s={search_term_string}"},"query-input":{"@type":"PropertyValueSpecification","valueRequired":true,"valueName":"search_term_string"}}],"inLanguage":"pt-PT"},{"@type":"Organization","@id":"https:\/\/mhinteriores.pt\/loja\/#organization","name":"Loja de Decora\u00e7\u00e3o - MH Interiores","url":"https:\/\/mhinteriores.pt\/loja\/","logo":{"@type":"ImageObject","inLanguage":"pt-PT","@id":"https:\/\/mhinteriores.pt\/loja\/#\/schema\/logo\/image\/","url":"https:\/\/mhinteriores.pt\/loja\/wp-content\/uploads\/2024\/12\/cropped-MH-Interiores.png","contentUrl":"https:\/\/mhinteriores.pt\/loja\/wp-content\/uploads\/2024\/12\/cropped-MH-Interiores.png","width":512,"height":512,"caption":"Loja de Decora\u00e7\u00e3o - MH Interiores"},"image":{"@id":"https:\/\/mhinteriores.pt\/loja\/#\/schema\/logo\/image\/"}}]}},"_links":{"self":[{"href":"https:\/\/mhinteriores.pt\/loja\/wp-json\/wp\/v2\/product\/2255","targetHints":{"allow":["GET"]}}],"collection":[{"href":"https:\/\/mhinteriores.pt\/loja\/wp-json\/wp\/v2\/product"}],"about":[{"href":"https:\/\/mhinteriores.pt\/loja\/wp-json\/wp\/v2\/types\/product"}],"replies":[{"embeddable":true,"href":"https:\/\/mhinteriores.pt\/loja\/wp-json\/wp\/v2\/comments?post=2255"}],"version-history":[{"count":2,"href":"https:\/\/mhinteriores.pt\/loja\/wp-json\/wp\/v2\/product\/2255\/revisions"}],"predecessor-version":[{"id":2267,"href":"https:\/\/mhinteriores.pt\/loja\/wp-json\/wp\/v2\/product\/2255\/revisions\/2267"}],"wp:featuredmedia":[{"embeddable":true,"href":"https:\/\/mhinteriores.pt\/loja\/wp-json\/wp\/v2\/media\/2265"}],"wp:attachment":[{"href":"https:\/\/mhinteriores.pt\/loja\/wp-json\/wp\/v2\/media?parent=2255"}],"wp:term":[{"taxonomy":"product_cat","embeddable":true,"href":"https:\/\/mhinteriores.pt\/loja\/wp-json\/wp\/v2\/product_cat?post=2255"},{"taxonomy":"product_tag","embeddable":true,"href":"https:\/\/mhinteriores.pt\/loja\/wp-json\/wp\/v2\/product_tag?post=2255"}],"curies":[{"name":"wp","href":"https:\/\/api.w.org\/{rel}","templated":true}]}}

<p>A maior mesa de centro da coleção do estúdio Palomba-Serafini é uma verdadeira joia da sala de estar: o mosaico de grés esmaltado que compõe o tampo repousa sobre uma estrutura simétrica de alumínio pintado e oferece um tampo de mesa inimitável.</p>
<p><span class="info-list-title">Embalagem:</span>1+1</p>

<p>A maior mesa de centro da coleção do estúdio Palomba-Serafini é uma verdadeira joia da sala de estar: o mosaico de grés esmaltado que compõe o tampo repousa sobre uma</p>

<!-- This site is optimized with the Yoast SEO Premium plugin v24.0 (Yoast SEO v27.4) - https://yoast.com/product/yoast-seo-premium-wordpress/ -->
<title>Mesa de Centro Nalu 157×96 - MH Interiores - Loja Decora&ccedil;&atilde;o de Interiores</title>
<meta name="description" content="Com um design orgânico e minimalista, esta mesa retangular de grandes dimensões oferece uma combinação única de funcionalidade e estilo contemporâneo" />
<meta name="robots" content="index, follow, max-snippet:-1, max-image-preview:large, max-video-preview:-1" />
<link rel="canonical" href="https://mhinteriores.pt/loja/produto/mesa-de-centro-nalu-157x96-mh-interiores/" />
<meta property="og:locale" content="pt_PT" />
<meta property="og:type" content="article" />
<meta property="og:title" content="Mesa de Centro Nalu 157×96 - MH Interiores" />
<meta property="og:description" content="Com um design orgânico e minimalista, esta mesa retangular de grandes dimensões oferece uma combinação única de funcionalidade e estilo contemporâneo" />
<meta property="og:url" content="https://mhinteriores.pt/loja/produto/mesa-de-centro-nalu-157x96-mh-interiores/" />
<meta property="og:site_name" content="Loja Decora&ccedil;&atilde;o de Interiores" />
<meta property="article:modified_time" content="2025-04-14T10:04:54+00:00" />
<meta property="og:image" content="https://mhinteriores.pt/loja/wp-content/uploads/2025/04/Mesa-Centro4.webp" />
	<meta property="og:image:width" content="500" />
	<meta property="og:image:height" content="500" />
	<meta property="og:image:type" content="image/webp" />
<meta name="twitter:card" content="summary_large_image" />
<meta name="twitter:label1" content="Tempo estimado de leitura" />
	<meta name="twitter:data1" content="1 minuto" />
<script type="application/ld+json" class="yoast-schema-graph">{"@context":"https:\/\/schema.org","@graph":[{"@type":"WebPage","@id":"https:\/\/mhinteriores.pt\/loja\/produto\/mesa-de-centro-nalu-157x96-mh-interiores\/","url":"https:\/\/mhinteriores.pt\/loja\/produto\/mesa-de-centro-nalu-157x96-mh-interiores\/","name":"Mesa de Centro Nalu 157×96 - MH Interiores - Loja Decora&ccedil;&atilde;o de Interiores","isPartOf":{"@id":"https:\/\/mhinteriores.pt\/loja\/#website"},"primaryImageOfPage":{"@id":"https:\/\/mhinteriores.pt\/loja\/produto\/mesa-de-centro-nalu-157x96-mh-interiores\/#primaryimage"},"image":{"@id":"https:\/\/mhinteriores.pt\/loja\/produto\/mesa-de-centro-nalu-157x96-mh-interiores\/#primaryimage"},"thumbnailUrl":"https:\/\/mhinteriores.pt\/loja\/wp-content\/uploads\/2025\/04\/Mesa-Centro4.webp","datePublished":"2025-04-10T15:34:51+00:00","dateModified":"2025-04-14T10:04:54+00:00","description":"Com um design orgânico e minimalista, esta mesa retangular de grandes dimensões oferece uma combinação única de funcionalidade e estilo contemporâneo","breadcrumb":{"@id":"https:\/\/mhinteriores.pt\/loja\/produto\/mesa-de-centro-nalu-157x96-mh-interiores\/#breadcrumb"},"inLanguage":"pt-PT","potentialAction":[{"@type":"ReadAction","target":["https:\/\/mhinteriores.pt\/loja\/produto\/mesa-de-centro-nalu-157x96-mh-interiores\/"]}]},{"@type":"ImageObject","inLanguage":"pt-PT","@id":"https:\/\/mhinteriores.pt\/loja\/produto\/mesa-de-centro-nalu-157x96-mh-interiores\/#primaryimage","url":"https:\/\/mhinteriores.pt\/loja\/wp-content\/uploads\/2025\/04\/Mesa-Centro4.webp","contentUrl":"https:\/\/mhinteriores.pt\/loja\/wp-content\/uploads\/2025\/04\/Mesa-Centro4.webp","width":500,"height":500,"caption":"Mesa Centro"},{"@type":"BreadcrumbList","@id":"https:\/\/mhinteriores.pt\/loja\/produto\/mesa-de-centro-nalu-157x96-mh-interiores\/#breadcrumb","itemListElement":[{"@type":"ListItem","position":1,"name":"Início","item":"https:\/\/mhinteriores.pt\/loja\/"},{"@type":"ListItem","position":2,"name":"Loja","item":"https:\/\/mhinteriores.pt\/loja\/loja\/"},{"@type":"ListItem","position":3,"name":"Mesa de Centro Nalu 157×96 &#8211; MH Interiores"}]},{"@type":"WebSite","@id":"https:\/\/mhinteriores.pt\/loja\/#website","url":"https:\/\/mhinteriores.pt\/loja\/","name":"Loja de Decoração - MH Interiores","description":"MH Interiores","publisher":{"@id":"https:\/\/mhinteriores.pt\/loja\/#organization"},"potentialAction":[{"@type":"SearchAction","target":{"@type":"EntryPoint","urlTemplate":"https:\/\/mhinteriores.pt\/loja\/?s={search_term_string}"},"query-input":{"@type":"PropertyValueSpecification","valueRequired":true,"valueName":"search_term_string"}}],"inLanguage":"pt-PT"},{"@type":"Organization","@id":"https:\/\/mhinteriores.pt\/loja\/#organization","name":"Loja de Decoração - MH Interiores","url":"https:\/\/mhinteriores.pt\/loja\/","logo":{"@type":"ImageObject","inLanguage":"pt-PT","@id":"https:\/\/mhinteriores.pt\/loja\/#\/schema\/logo\/image\/","url":"https:\/\/mhinteriores.pt\/loja\/wp-content\/uploads\/2024\/12\/cropped-MH-Interiores.png","contentUrl":"https:\/\/mhinteriores.pt\/loja\/wp-content\/uploads\/2024\/12\/cropped-MH-Interiores.png","width":512,"height":512,"caption":"Loja de Decoração - MH Interiores"},"image":{"@id":"https:\/\/mhinteriores.pt\/loja\/#\/schema\/logo\/image\/"}}]}</script>
<!-- / Yoast SEO Premium plugin. -->

Com um design orgânico e minimalista, esta mesa retangular de grandes dimensões oferece uma combinação única de funcionalidade e estilo contemporâneo

Início

Loja de Decoração - MH Interiores
