{"id":5020,"date":"2025-09-30T09:09:57","date_gmt":"2025-09-30T09:09:57","guid":{"rendered":"https:\/\/mhinteriores.pt\/loja\/?post_type=product&#038;p=5020"},"modified":"2025-09-30T09:19:24","modified_gmt":"2025-09-30T09:19:24","slug":"lareira-eletrica-e-matrix-linear-1300-400-iii","status":"publish","type":"product","link":"https:\/\/mhinteriores.pt\/loja\/produto\/lareira-eletrica-e-matrix-linear-1300-400-iii\/","title":{"rendered":"Lareira El\u00e9trica e-MatriX Linear 1300-400 III &#8211; MH Interiores"},"content":{"rendered":"<h2 style=\"text-align: left;\">Lareira El\u00e9trica e-MatriX Linear 1300-400 III- <a href=\"https:\/\/mhinteriores.pt\/loja\/\">MH Interiores<\/a><\/h2>\n<p data-start=\"180\" data-end=\"502\">A Lareira El\u00e9trica e-MatriX Linear 1300-400 III foi especialmente criada para quem procura uma lareira el\u00e9trica embutida moderna que combine realismo e inova\u00e7\u00e3o. Com a sua vista trifacial (frente e duas laterais), oferece uma experi\u00eancia visual envolvente que transforma qualquer ambiente.<\/p>\n<p data-start=\"688\" data-end=\"1063\">Al\u00e9m disso, gra\u00e7as \u00e0 sua profundidade reduzida, o modelo pode ser instalado em locais onde outras lareiras n\u00e3o cabem. Por outro lado, a chama tridimensional, obtida atrav\u00e9s da combina\u00e7\u00e3o de luz LED e vapor de \u00e1gua frio, garante um efeito realista e totalmente seguro. Assim, \u00e9 poss\u00edvel desfrutar do aconchego de um fogo aut\u00eantico sem riscos nem manuten\u00e7\u00e3o complexa.<\/p>\n<h3 data-start=\"1165\" data-end=\"1198\"><\/h3>\n<h3 data-start=\"1165\" data-end=\"1198\">Caracter\u00edsticas da Lareira El\u00e9trica e-MatriX Linear 1300-400 III<\/h3>\n<ul>\n<li data-start=\"978\" data-end=\"995\">\n<p data-start=\"980\" data-end=\"995\">Material: A\u00e7o<\/p>\n<\/li>\n<li data-start=\"996\" data-end=\"1010\">\n<p data-start=\"998\" data-end=\"1010\">Cor: Preto<\/p>\n<\/li>\n<li data-start=\"1011\" data-end=\"1042\">\n<p data-start=\"1013\" data-end=\"1042\">Tipo de instala\u00e7\u00e3o: Embutir<\/p>\n<\/li>\n<li data-start=\"1043\" data-end=\"1098\">\n<p data-start=\"1045\" data-end=\"1098\">Dimens\u00f5es do vidro (L x P x A): 1347 x 351 x 400 mm<\/p>\n<\/li>\n<li data-start=\"1099\" data-end=\"1152\">\n<p data-start=\"1101\" data-end=\"1152\">Dimens\u00f5es totais (L x P x A): 1501 x 534 x 755 mm<\/p>\n<\/li>\n<li data-start=\"1153\" data-end=\"1177\">\n<p data-start=\"1155\" data-end=\"1177\">Pot\u00eancia: at\u00e9 2,0 kW<\/p>\n<\/li>\n<li data-start=\"1178\" data-end=\"1223\">\n<p data-start=\"1180\" data-end=\"1223\">Vis\u00e3o: trifacial (frente + duas laterais)<\/p>\n<\/li>\n<li data-start=\"1224\" data-end=\"1247\">\n<p data-start=\"1226\" data-end=\"1247\">Inclui aro de 50 mm<\/p>\n<\/li>\n<li data-start=\"1248\" data-end=\"1305\">\n<p data-start=\"1250\" data-end=\"1305\">Interior personaliz\u00e1vel: troncos, seixos ou acr\u00edlicos<\/p>\n<\/li>\n<li data-start=\"1306\" data-end=\"1368\">\n<p data-start=\"1308\" data-end=\"1368\">Controlo inteligente via Wi-Fi e comando Bluetooth<\/p>\n<\/li>\n<\/ul>\n<p>&nbsp;<\/p>\n<h3 data-start=\"1547\" data-end=\"1586\">Vantagens da Lareira El\u00e9trica e-MatriX Linear 1300-400 III<\/h3>\n<ul>\n<li data-start=\"1593\" data-end=\"1672\">\n<p data-start=\"1595\" data-end=\"1672\"><strong data-start=\"1595\" data-end=\"1625\">Vista panor\u00e2mica trifacial<\/strong> \u2013 permite apreciar o fogo de v\u00e1rios \u00e2ngulos.<\/p>\n<\/li>\n<li data-start=\"1673\" data-end=\"1768\">\n<p data-start=\"1675\" data-end=\"1768\"><strong data-start=\"1675\" data-end=\"1704\">Design moderno e elegante<\/strong> \u2013 integra-se facilmente em cinewalls e projetos sofisticados.<\/p>\n<\/li>\n<li data-start=\"1769\" data-end=\"1863\">\n<p data-start=\"1771\" data-end=\"1863\"><strong data-start=\"1771\" data-end=\"1794\">Chama 3D patenteada<\/strong> \u2013 baseada em vapor de \u00e1gua, recria um fogo incrivelmente realista.<\/p>\n<\/li>\n<li data-start=\"1864\" data-end=\"1961\">\n<p data-start=\"1866\" data-end=\"1961\"><strong data-start=\"1866\" data-end=\"1887\">Interior vers\u00e1til<\/strong> \u2013 escolha entre troncos, pedras ou cristais para personalizar o visual.<\/p>\n<\/li>\n<li data-start=\"1962\" data-end=\"2025\">\n<p data-start=\"1964\" data-end=\"2025\"><strong data-start=\"1964\" data-end=\"1989\">Aquecimento ajust\u00e1vel<\/strong> \u2013 at\u00e9 2,0 kW para maior conforto.<\/p>\n<\/li>\n<li data-start=\"2026\" data-end=\"2093\">\n<p data-start=\"2028\" data-end=\"2093\"><strong data-start=\"2028\" data-end=\"2050\">Instala\u00e7\u00e3o pr\u00e1tica<\/strong> \u2013 n\u00e3o requer chamin\u00e9, nem liga\u00e7\u00e3o a g\u00e1s.<\/p>\n<\/li>\n<li data-start=\"2094\" data-end=\"2178\">\n<p data-start=\"2096\" data-end=\"2178\"><strong data-start=\"2096\" data-end=\"2120\">Controlo inteligente<\/strong> \u2013 configure tudo atrav\u00e9s de Wi-Fi ou comando Bluetooth.<\/p>\n<\/li>\n<li data-start=\"2179\" data-end=\"2248\">\n<p data-start=\"2181\" data-end=\"2248\"><strong data-start=\"2181\" data-end=\"2200\">Seguran\u00e7a total<\/strong> \u2013 ideal para fam\u00edlias, hot\u00e9is ou escrit\u00f3rios.<\/p>\n<\/li>\n<\/ul>\n<p>&nbsp;<\/p>\n<h3 data-start=\"2191\" data-end=\"2243\">Perfeita para Qualquer Ambiente<\/h3>\n<ul>\n<li data-start=\"2160\" data-end=\"2251\">\n<p data-start=\"2162\" data-end=\"2251\">Em primeiro lugar, o formato extra largo (130 cm) cria uma pe\u00e7a central impactante.<\/p>\n<\/li>\n<li data-start=\"2252\" data-end=\"2347\">\n<p data-start=\"2254\" data-end=\"2347\">Al\u00e9m disso, a profundidade reduzida permite instalar em mais locais, sem grandes obras.<\/p>\n<\/li>\n<li data-start=\"2348\" data-end=\"2472\">\n<p data-start=\"2350\" data-end=\"2472\">Por fim, a flexibilidade est\u00e9tica torna o modelo ideal tanto para salas residenciais como para hot\u00e9is e escrit\u00f3rios.<\/p>\n<\/li>\n<\/ul>\n<p>&nbsp;<\/p>\n<h3 data-start=\"2777\" data-end=\"2838\">Realismo e Seguran\u00e7a com Vapor de \u00c1gua<\/h3>\n<p data-start=\"2541\" data-end=\"2612\">O efeito tridimensional patenteado garante:<\/p>\n<ul data-start=\"2571\" data-end=\"2822\">\n<li data-start=\"2571\" data-end=\"2631\">\n<p data-start=\"2573\" data-end=\"2631\">Ambiente aut\u00eantico \u2013 chama que dan\u00e7a como fogo real.<\/p>\n<\/li>\n<li data-start=\"2632\" data-end=\"2715\">\n<p data-start=\"2634\" data-end=\"2715\">Personaliza\u00e7\u00e3o total \u2013 escolha a decora\u00e7\u00e3o interna e a intensidade do fogo.<\/p>\n<\/li>\n<li data-start=\"2716\" data-end=\"2822\">\n<p data-start=\"2718\" data-end=\"2822\">Utiliza\u00e7\u00e3o vers\u00e1til \u2013 desfrute apenas do efeito de chama ou ative o aquecimento quando necess\u00e1rio.<\/p>\n<\/li>\n<\/ul>\n<p>&nbsp;<\/p>\n","protected":false},"excerpt":{"rendered":"<p>Lareira El\u00e9trica e-MatriX Linear 1300-400 III- MH Interiores A Lareira El\u00e9trica e-MatriX Linear 1300-400 III foi especialmente criada para quem procura uma lareira el\u00e9trica embutida moderna que combine realismo e<\/p>\n","protected":false},"featured_media":4994,"comment_status":"open","ping_status":"closed","template":"","meta":[],"product_cat":[229],"product_tag":[],"class_list":{"0":"post-5020","1":"product","2":"type-product","3":"status-publish","4":"has-post-thumbnail","6":"product_brand-faber","7":"product_cat-lareiras-eletricas","9":"first","10":"instock","11":"shipping-taxable","12":"product-type-simple"},"yoast_head":"<!-- This site is optimized with the Yoast SEO Premium plugin v24.0 (Yoast SEO v27.4) - https:\/\/yoast.com\/product\/yoast-seo-premium-wordpress\/ -->\n<title>Lareira El\u00e9trica e-MatriX Linear 1300-400 III - MH Interiores - Loja Decora&ccedil;&atilde;o de Interiores<\/title>\n<meta name=\"description\" content=\"Lareira el\u00e9trica e-MatriX Linear 1300-400 III. Modelo trifacial com chama 3D em vapor de \u00e1gua, Wi-Fi, Bluetooth e design elegante para cinewalls.\" \/>\n<meta name=\"robots\" content=\"index, follow, max-snippet:-1, max-image-preview:large, max-video-preview:-1\" \/>\n<link rel=\"canonical\" href=\"https:\/\/mhinteriores.pt\/loja\/produto\/lareira-eletrica-e-matrix-linear-1300-400-iii\/\" \/>\n<meta property=\"og:locale\" content=\"pt_PT\" \/>\n<meta property=\"og:type\" content=\"article\" \/>\n<meta property=\"og:title\" content=\"Lareira El\u00e9trica e-MatriX Linear 1300-400 III - MH Interiores\" \/>\n<meta property=\"og:description\" content=\"Lareira el\u00e9trica e-MatriX Linear 1300-400 III. Modelo trifacial com chama 3D em vapor de \u00e1gua, Wi-Fi, Bluetooth e design elegante para cinewalls.\" \/>\n<meta property=\"og:url\" content=\"https:\/\/mhinteriores.pt\/loja\/produto\/lareira-eletrica-e-matrix-linear-1300-400-iii\/\" \/>\n<meta property=\"og:site_name\" content=\"Loja Decora&ccedil;&atilde;o de Interiores\" \/>\n<meta property=\"article:modified_time\" content=\"2025-09-30T09:19:24+00:00\" \/>\n<meta property=\"og:image\" content=\"https:\/\/mhinteriores.pt\/loja\/wp-content\/uploads\/2025\/09\/Lareira-Eletrica-Faber-e-MatriX-Linear-1050-400-I-1.webp\" \/>\n\t<meta property=\"og:image:width\" content=\"500\" \/>\n\t<meta property=\"og:image:height\" content=\"500\" \/>\n\t<meta property=\"og:image:type\" content=\"image\/webp\" \/>\n<meta name=\"twitter:card\" content=\"summary_large_image\" \/>\n<meta name=\"twitter:label1\" content=\"Tempo estimado de leitura\" \/>\n\t<meta name=\"twitter:data1\" content=\"3 minutos\" \/>\n<script type=\"application\/ld+json\" class=\"yoast-schema-graph\">{\"@context\":\"https:\\\/\\\/schema.org\",\"@graph\":[{\"@type\":\"WebPage\",\"@id\":\"https:\\\/\\\/mhinteriores.pt\\\/loja\\\/produto\\\/lareira-eletrica-e-matrix-linear-1300-400-iii\\\/\",\"url\":\"https:\\\/\\\/mhinteriores.pt\\\/loja\\\/produto\\\/lareira-eletrica-e-matrix-linear-1300-400-iii\\\/\",\"name\":\"Lareira El\u00e9trica e-MatriX Linear 1300-400 III - MH Interiores - Loja Decora&ccedil;&atilde;o de Interiores\",\"isPartOf\":{\"@id\":\"https:\\\/\\\/mhinteriores.pt\\\/loja\\\/#website\"},\"primaryImageOfPage\":{\"@id\":\"https:\\\/\\\/mhinteriores.pt\\\/loja\\\/produto\\\/lareira-eletrica-e-matrix-linear-1300-400-iii\\\/#primaryimage\"},\"image\":{\"@id\":\"https:\\\/\\\/mhinteriores.pt\\\/loja\\\/produto\\\/lareira-eletrica-e-matrix-linear-1300-400-iii\\\/#primaryimage\"},\"thumbnailUrl\":\"https:\\\/\\\/mhinteriores.pt\\\/loja\\\/wp-content\\\/uploads\\\/2025\\\/09\\\/Lareira-Eletrica-Faber-e-MatriX-Linear-1050-400-I-1.webp\",\"datePublished\":\"2025-09-30T09:09:57+00:00\",\"dateModified\":\"2025-09-30T09:19:24+00:00\",\"description\":\"Lareira el\u00e9trica e-MatriX Linear 1300-400 III. Modelo trifacial com chama 3D em vapor de \u00e1gua, Wi-Fi, Bluetooth e design elegante para cinewalls.\",\"breadcrumb\":{\"@id\":\"https:\\\/\\\/mhinteriores.pt\\\/loja\\\/produto\\\/lareira-eletrica-e-matrix-linear-1300-400-iii\\\/#breadcrumb\"},\"inLanguage\":\"pt-PT\",\"potentialAction\":[{\"@type\":\"ReadAction\",\"target\":[\"https:\\\/\\\/mhinteriores.pt\\\/loja\\\/produto\\\/lareira-eletrica-e-matrix-linear-1300-400-iii\\\/\"]}]},{\"@type\":\"ImageObject\",\"inLanguage\":\"pt-PT\",\"@id\":\"https:\\\/\\\/mhinteriores.pt\\\/loja\\\/produto\\\/lareira-eletrica-e-matrix-linear-1300-400-iii\\\/#primaryimage\",\"url\":\"https:\\\/\\\/mhinteriores.pt\\\/loja\\\/wp-content\\\/uploads\\\/2025\\\/09\\\/Lareira-Eletrica-Faber-e-MatriX-Linear-1050-400-I-1.webp\",\"contentUrl\":\"https:\\\/\\\/mhinteriores.pt\\\/loja\\\/wp-content\\\/uploads\\\/2025\\\/09\\\/Lareira-Eletrica-Faber-e-MatriX-Linear-1050-400-I-1.webp\",\"width\":500,\"height\":500,\"caption\":\"Lareira El\u00e9trica Faber e-MatriX Linear 1050-400 I\"},{\"@type\":\"BreadcrumbList\",\"@id\":\"https:\\\/\\\/mhinteriores.pt\\\/loja\\\/produto\\\/lareira-eletrica-e-matrix-linear-1300-400-iii\\\/#breadcrumb\",\"itemListElement\":[{\"@type\":\"ListItem\",\"position\":1,\"name\":\"In\u00edcio\",\"item\":\"https:\\\/\\\/mhinteriores.pt\\\/loja\\\/\"},{\"@type\":\"ListItem\",\"position\":2,\"name\":\"Loja\",\"item\":\"https:\\\/\\\/mhinteriores.pt\\\/loja\\\/loja\\\/\"},{\"@type\":\"ListItem\",\"position\":3,\"name\":\"Lareira El\u00e9trica e-MatriX Linear 1300-400 III &#8211; MH Interiores\"}]},{\"@type\":\"WebSite\",\"@id\":\"https:\\\/\\\/mhinteriores.pt\\\/loja\\\/#website\",\"url\":\"https:\\\/\\\/mhinteriores.pt\\\/loja\\\/\",\"name\":\"Loja de Decora\u00e7\u00e3o - MH Interiores\",\"description\":\"MH Interiores\",\"publisher\":{\"@id\":\"https:\\\/\\\/mhinteriores.pt\\\/loja\\\/#organization\"},\"potentialAction\":[{\"@type\":\"SearchAction\",\"target\":{\"@type\":\"EntryPoint\",\"urlTemplate\":\"https:\\\/\\\/mhinteriores.pt\\\/loja\\\/?s={search_term_string}\"},\"query-input\":{\"@type\":\"PropertyValueSpecification\",\"valueRequired\":true,\"valueName\":\"search_term_string\"}}],\"inLanguage\":\"pt-PT\"},{\"@type\":\"Organization\",\"@id\":\"https:\\\/\\\/mhinteriores.pt\\\/loja\\\/#organization\",\"name\":\"Loja de Decora\u00e7\u00e3o - MH Interiores\",\"url\":\"https:\\\/\\\/mhinteriores.pt\\\/loja\\\/\",\"logo\":{\"@type\":\"ImageObject\",\"inLanguage\":\"pt-PT\",\"@id\":\"https:\\\/\\\/mhinteriores.pt\\\/loja\\\/#\\\/schema\\\/logo\\\/image\\\/\",\"url\":\"https:\\\/\\\/mhinteriores.pt\\\/loja\\\/wp-content\\\/uploads\\\/2024\\\/12\\\/cropped-MH-Interiores.png\",\"contentUrl\":\"https:\\\/\\\/mhinteriores.pt\\\/loja\\\/wp-content\\\/uploads\\\/2024\\\/12\\\/cropped-MH-Interiores.png\",\"width\":512,\"height\":512,\"caption\":\"Loja de Decora\u00e7\u00e3o - MH Interiores\"},\"image\":{\"@id\":\"https:\\\/\\\/mhinteriores.pt\\\/loja\\\/#\\\/schema\\\/logo\\\/image\\\/\"}}]}<\/script>\n<!-- \/ Yoast SEO Premium plugin. -->","yoast_head_json":{"title":"Lareira El\u00e9trica e-MatriX Linear 1300-400 III - MH Interiores - Loja Decora&ccedil;&atilde;o de Interiores","description":"Lareira el\u00e9trica e-MatriX Linear 1300-400 III. Modelo trifacial com chama 3D em vapor de \u00e1gua, Wi-Fi, Bluetooth e design elegante para cinewalls.","robots":{"index":"index","follow":"follow","max-snippet":"max-snippet:-1","max-image-preview":"max-image-preview:large","max-video-preview":"max-video-preview:-1"},"canonical":"https:\/\/mhinteriores.pt\/loja\/produto\/lareira-eletrica-e-matrix-linear-1300-400-iii\/","og_locale":"pt_PT","og_type":"article","og_title":"Lareira El\u00e9trica e-MatriX Linear 1300-400 III - MH Interiores","og_description":"Lareira el\u00e9trica e-MatriX Linear 1300-400 III. Modelo trifacial com chama 3D em vapor de \u00e1gua, Wi-Fi, Bluetooth e design elegante para cinewalls.","og_url":"https:\/\/mhinteriores.pt\/loja\/produto\/lareira-eletrica-e-matrix-linear-1300-400-iii\/","og_site_name":"Loja Decora&ccedil;&atilde;o de Interiores","article_modified_time":"2025-09-30T09:19:24+00:00","og_image":[{"width":500,"height":500,"url":"https:\/\/mhinteriores.pt\/loja\/wp-content\/uploads\/2025\/09\/Lareira-Eletrica-Faber-e-MatriX-Linear-1050-400-I-1.webp","type":"image\/webp"}],"twitter_card":"summary_large_image","twitter_misc":{"Tempo estimado de leitura":"3 minutos"},"schema":{"@context":"https:\/\/schema.org","@graph":[{"@type":"WebPage","@id":"https:\/\/mhinteriores.pt\/loja\/produto\/lareira-eletrica-e-matrix-linear-1300-400-iii\/","url":"https:\/\/mhinteriores.pt\/loja\/produto\/lareira-eletrica-e-matrix-linear-1300-400-iii\/","name":"Lareira El\u00e9trica e-MatriX Linear 1300-400 III - MH Interiores - Loja Decora&ccedil;&atilde;o de Interiores","isPartOf":{"@id":"https:\/\/mhinteriores.pt\/loja\/#website"},"primaryImageOfPage":{"@id":"https:\/\/mhinteriores.pt\/loja\/produto\/lareira-eletrica-e-matrix-linear-1300-400-iii\/#primaryimage"},"image":{"@id":"https:\/\/mhinteriores.pt\/loja\/produto\/lareira-eletrica-e-matrix-linear-1300-400-iii\/#primaryimage"},"thumbnailUrl":"https:\/\/mhinteriores.pt\/loja\/wp-content\/uploads\/2025\/09\/Lareira-Eletrica-Faber-e-MatriX-Linear-1050-400-I-1.webp","datePublished":"2025-09-30T09:09:57+00:00","dateModified":"2025-09-30T09:19:24+00:00","description":"Lareira el\u00e9trica e-MatriX Linear 1300-400 III. Modelo trifacial com chama 3D em vapor de \u00e1gua, Wi-Fi, Bluetooth e design elegante para cinewalls.","breadcrumb":{"@id":"https:\/\/mhinteriores.pt\/loja\/produto\/lareira-eletrica-e-matrix-linear-1300-400-iii\/#breadcrumb"},"inLanguage":"pt-PT","potentialAction":[{"@type":"ReadAction","target":["https:\/\/mhinteriores.pt\/loja\/produto\/lareira-eletrica-e-matrix-linear-1300-400-iii\/"]}]},{"@type":"ImageObject","inLanguage":"pt-PT","@id":"https:\/\/mhinteriores.pt\/loja\/produto\/lareira-eletrica-e-matrix-linear-1300-400-iii\/#primaryimage","url":"https:\/\/mhinteriores.pt\/loja\/wp-content\/uploads\/2025\/09\/Lareira-Eletrica-Faber-e-MatriX-Linear-1050-400-I-1.webp","contentUrl":"https:\/\/mhinteriores.pt\/loja\/wp-content\/uploads\/2025\/09\/Lareira-Eletrica-Faber-e-MatriX-Linear-1050-400-I-1.webp","width":500,"height":500,"caption":"Lareira El\u00e9trica Faber e-MatriX Linear 1050-400 I"},{"@type":"BreadcrumbList","@id":"https:\/\/mhinteriores.pt\/loja\/produto\/lareira-eletrica-e-matrix-linear-1300-400-iii\/#breadcrumb","itemListElement":[{"@type":"ListItem","position":1,"name":"In\u00edcio","item":"https:\/\/mhinteriores.pt\/loja\/"},{"@type":"ListItem","position":2,"name":"Loja","item":"https:\/\/mhinteriores.pt\/loja\/loja\/"},{"@type":"ListItem","position":3,"name":"Lareira El\u00e9trica e-MatriX Linear 1300-400 III &#8211; MH Interiores"}]},{"@type":"WebSite","@id":"https:\/\/mhinteriores.pt\/loja\/#website","url":"https:\/\/mhinteriores.pt\/loja\/","name":"Loja de Decora\u00e7\u00e3o - MH Interiores","description":"MH Interiores","publisher":{"@id":"https:\/\/mhinteriores.pt\/loja\/#organization"},"potentialAction":[{"@type":"SearchAction","target":{"@type":"EntryPoint","urlTemplate":"https:\/\/mhinteriores.pt\/loja\/?s={search_term_string}"},"query-input":{"@type":"PropertyValueSpecification","valueRequired":true,"valueName":"search_term_string"}}],"inLanguage":"pt-PT"},{"@type":"Organization","@id":"https:\/\/mhinteriores.pt\/loja\/#organization","name":"Loja de Decora\u00e7\u00e3o - MH Interiores","url":"https:\/\/mhinteriores.pt\/loja\/","logo":{"@type":"ImageObject","inLanguage":"pt-PT","@id":"https:\/\/mhinteriores.pt\/loja\/#\/schema\/logo\/image\/","url":"https:\/\/mhinteriores.pt\/loja\/wp-content\/uploads\/2024\/12\/cropped-MH-Interiores.png","contentUrl":"https:\/\/mhinteriores.pt\/loja\/wp-content\/uploads\/2024\/12\/cropped-MH-Interiores.png","width":512,"height":512,"caption":"Loja de Decora\u00e7\u00e3o - MH Interiores"},"image":{"@id":"https:\/\/mhinteriores.pt\/loja\/#\/schema\/logo\/image\/"}}]}},"_links":{"self":[{"href":"https:\/\/mhinteriores.pt\/loja\/wp-json\/wp\/v2\/product\/5020","targetHints":{"allow":["GET"]}}],"collection":[{"href":"https:\/\/mhinteriores.pt\/loja\/wp-json\/wp\/v2\/product"}],"about":[{"href":"https:\/\/mhinteriores.pt\/loja\/wp-json\/wp\/v2\/types\/product"}],"replies":[{"embeddable":true,"href":"https:\/\/mhinteriores.pt\/loja\/wp-json\/wp\/v2\/comments?post=5020"}],"version-history":[{"count":2,"href":"https:\/\/mhinteriores.pt\/loja\/wp-json\/wp\/v2\/product\/5020\/revisions"}],"predecessor-version":[{"id":5023,"href":"https:\/\/mhinteriores.pt\/loja\/wp-json\/wp\/v2\/product\/5020\/revisions\/5023"}],"wp:featuredmedia":[{"embeddable":true,"href":"https:\/\/mhinteriores.pt\/loja\/wp-json\/wp\/v2\/media\/4994"}],"wp:attachment":[{"href":"https:\/\/mhinteriores.pt\/loja\/wp-json\/wp\/v2\/media?parent=5020"}],"wp:term":[{"taxonomy":"product_cat","embeddable":true,"href":"https:\/\/mhinteriores.pt\/loja\/wp-json\/wp\/v2\/product_cat?post=5020"},{"taxonomy":"product_tag","embeddable":true,"href":"https:\/\/mhinteriores.pt\/loja\/wp-json\/wp\/v2\/product_tag?post=5020"}],"curies":[{"name":"wp","href":"https:\/\/api.w.org\/{rel}","templated":true}]}}