{"id":5284,"date":"2025-10-01T10:17:30","date_gmt":"2025-10-01T10:17:30","guid":{"rendered":"https:\/\/mhinteriores.pt\/loja\/?post_type=product&#038;p=5284"},"modified":"2025-10-01T10:36:01","modified_gmt":"2025-10-01T10:36:01","slug":"recuperador-a-gas-matrix-1050-650-iii","status":"publish","type":"product","link":"https:\/\/mhinteriores.pt\/loja\/produto\/recuperador-a-gas-matrix-1050-650-iii\/","title":{"rendered":"Recuperador a G\u00e1s Matrix 1050-650 III &#8211; MH Interiores"},"content":{"rendered":"<h2 style=\"text-align: left;\">Recuperador a G\u00e1s Matrix 1050-650 III &#8211; <a href=\"https:\/\/mhinteriores.pt\/loja\/\">MH Interiores<\/a><\/h2>\n<p data-start=\"261\" data-end=\"593\">O Recuperador a G\u00e1s Faber MatriX 1050-650 III foi desenvolvido para ser o ponto focal da sua casa, combinando um design moderno com um efeito de chama realista e envolvente. Gra\u00e7as \u00e0 sua vis\u00e3o trifacial (3 lados), pode apreciar o fogo a partir de v\u00e1rios \u00e2ngulos, criando um ambiente sofisticado, acolhedor e cheio de vida.<\/p>\n<p data-start=\"595\" data-end=\"857\">Al\u00e9m disso, a linha MatriX oferece uma personaliza\u00e7\u00e3o completa, permitindo escolher acabamentos, pain\u00e9is traseiros, conjuntos de troncos, seixos Carrara ou pedras cinzentas, bem como extras como vidro anti-reflexo e o inovador m\u00f3dulo de luz Symbio.<\/p>\n<h3 data-start=\"1165\" data-end=\"1198\">Caracter\u00edsticas T\u00e9cnicas<\/h3>\n<ul>\n<li data-start=\"892\" data-end=\"931\">\n<p data-start=\"894\" data-end=\"931\"><strong data-start=\"894\" data-end=\"923\">Pot\u00eancia T\u00e9rmica Nominal:<\/strong> 10 kW<\/p>\n<\/li>\n<li data-start=\"932\" data-end=\"958\">\n<p data-start=\"934\" data-end=\"958\"><strong data-start=\"934\" data-end=\"949\">Rendimento:<\/strong> 88,4 %<\/p>\n<\/li>\n<li data-start=\"959\" data-end=\"987\">\n<p data-start=\"961\" data-end=\"987\"><strong data-start=\"961\" data-end=\"983\">Classe Energ\u00e9tica:<\/strong> B<\/p>\n<\/li>\n<li data-start=\"988\" data-end=\"1026\">\n<p data-start=\"990\" data-end=\"1026\"><strong data-start=\"990\" data-end=\"1011\">Conduta de Fumos:<\/strong> 130\/200 \u1d13 mm<\/p>\n<\/li>\n<li data-start=\"1027\" data-end=\"1078\">\n<p data-start=\"1029\" data-end=\"1078\"><strong data-start=\"1029\" data-end=\"1055\">Dimens\u00f5es (L \u00d7 P \u00d7 A):<\/strong> 1290 \u00d7 574 \u00d7 1173 mm<\/p>\n<\/li>\n<li data-start=\"1079\" data-end=\"1135\">\n<p data-start=\"1081\" data-end=\"1135\"><strong data-start=\"1081\" data-end=\"1113\">Dimens\u00f5es Vidro (L \u00d7 P \u00d7 A):<\/strong> 1122 \u00d7 383 \u00d7 650 mm<\/p>\n<\/li>\n<li data-start=\"1136\" data-end=\"1182\">\n<p data-start=\"1138\" data-end=\"1182\"><strong data-start=\"1138\" data-end=\"1148\">Vista:<\/strong> Trifacial (frente + dois lados)<\/p>\n<\/li>\n<\/ul>\n<p>&nbsp;<\/p>\n<h3 data-start=\"1547\" data-end=\"1586\">Principais Vantagens<\/h3>\n<ul>\n<li data-start=\"1262\" data-end=\"1365\">\n<p data-start=\"1264\" data-end=\"1365\"><strong data-start=\"1264\" data-end=\"1285\">Design trifacial:<\/strong> fogo vis\u00edvel de tr\u00eas \u00e2ngulos diferentes, ideal para destacar qualquer espa\u00e7o.<\/p>\n<\/li>\n<li data-start=\"1366\" data-end=\"1479\">\n<p data-start=\"1368\" data-end=\"1479\"><strong data-start=\"1368\" data-end=\"1398\">Log Burner 2.0 patenteado:<\/strong> proporciona chamas completas, naturais e intensas, mesmo em pot\u00eancia reduzida.<\/p>\n<\/li>\n<li data-start=\"1480\" data-end=\"1598\">\n<p data-start=\"1482\" data-end=\"1598\"><strong data-start=\"1482\" data-end=\"1508\">M\u00f3dulo de luz Symbio\u00ae:<\/strong> cria um leito de brasas realista e cintilante para uma atmosfera ainda mais envolvente.<\/p>\n<\/li>\n<li data-start=\"1599\" data-end=\"1765\">\n<p data-start=\"1601\" data-end=\"1765\"><strong data-start=\"1601\" data-end=\"1637\">Total liberdade de configura\u00e7\u00e3o:<\/strong> escolha entre diferentes paredes traseiras, acabamentos e decora\u00e7\u00f5es (troncos realistas, seixos Carrara ou pedras cinzentas).<\/p>\n<\/li>\n<li data-start=\"1766\" data-end=\"1875\">\n<p data-start=\"1768\" data-end=\"1875\"><strong data-start=\"1768\" data-end=\"1795\">Instala\u00e7\u00e3o minimalista:<\/strong> possibilidade de montagem com o vidro rente \u00e0 parede para um visual elegante.<\/p>\n<\/li>\n<li data-start=\"1876\" data-end=\"2015\">\n<p data-start=\"1878\" data-end=\"2015\"><strong data-start=\"1878\" data-end=\"1903\">Controlo inteligente:<\/strong> compat\u00edvel com ITC Remote e aplica\u00e7\u00e3o m\u00f3vel gratuita, para ajustar facilmente chamas, intensidade e ambiente.<\/p>\n<\/li>\n<\/ul>\n","protected":false},"excerpt":{"rendered":"<p>Recuperador a G\u00e1s Matrix 1050-650 III &#8211; MH Interiores O Recuperador a G\u00e1s Faber MatriX 1050-650 III foi desenvolvido para ser o ponto focal da sua casa, combinando um design<\/p>\n","protected":false},"featured_media":5286,"comment_status":"open","ping_status":"closed","template":"","meta":[],"product_cat":[234],"product_tag":[],"class_list":{"0":"post-5284","1":"product","2":"type-product","3":"status-publish","4":"has-post-thumbnail","6":"product_brand-faber","7":"product_cat-recuperador-a-gas","9":"first","10":"instock","11":"shipping-taxable","12":"product-type-simple"},"yoast_head":"<!-- This site is optimized with the Yoast SEO Premium plugin v24.0 (Yoast SEO v27.4) - https:\/\/yoast.com\/product\/yoast-seo-premium-wordpress\/ -->\n<title>Recuperador a G\u00e1s Matrix 1050-650 III - MH Interiores - Loja Decora&ccedil;&atilde;o de Interiores<\/title>\n<meta name=\"description\" content=\"Recuperador a G\u00e1s Faber Matrix 1050-650 III. Design trifacial, 10kW de pot\u00eancia, realismo incompar\u00e1vel e personaliza\u00e7\u00e3o total.\" \/>\n<meta name=\"robots\" content=\"index, follow, max-snippet:-1, max-image-preview:large, max-video-preview:-1\" \/>\n<link rel=\"canonical\" href=\"https:\/\/mhinteriores.pt\/loja\/produto\/recuperador-a-gas-matrix-1050-650-iii\/\" \/>\n<meta property=\"og:locale\" content=\"pt_PT\" \/>\n<meta property=\"og:type\" content=\"article\" \/>\n<meta property=\"og:title\" content=\"Recuperador a G\u00e1s Matrix 1050-650 III - MH Interiores\" \/>\n<meta property=\"og:description\" content=\"Recuperador a G\u00e1s Faber Matrix 1050-650 III. Design trifacial, 10kW de pot\u00eancia, realismo incompar\u00e1vel e personaliza\u00e7\u00e3o total.\" \/>\n<meta property=\"og:url\" content=\"https:\/\/mhinteriores.pt\/loja\/produto\/recuperador-a-gas-matrix-1050-650-iii\/\" \/>\n<meta property=\"og:site_name\" content=\"Loja Decora&ccedil;&atilde;o de Interiores\" \/>\n<meta property=\"article:modified_time\" content=\"2025-10-01T10:36:01+00:00\" \/>\n<meta property=\"og:image\" content=\"https:\/\/mhinteriores.pt\/loja\/wp-content\/uploads\/2025\/10\/Recuperador-a-Gas-Matrix-1050-650-III-1.webp\" \/>\n\t<meta property=\"og:image:width\" content=\"500\" \/>\n\t<meta property=\"og:image:height\" content=\"500\" \/>\n\t<meta property=\"og:image:type\" content=\"image\/webp\" \/>\n<meta name=\"twitter:card\" content=\"summary_large_image\" \/>\n<meta name=\"twitter:label1\" content=\"Tempo estimado de leitura\" \/>\n\t<meta name=\"twitter:data1\" content=\"2 minutos\" \/>\n<script type=\"application\/ld+json\" class=\"yoast-schema-graph\">{\"@context\":\"https:\\\/\\\/schema.org\",\"@graph\":[{\"@type\":\"WebPage\",\"@id\":\"https:\\\/\\\/mhinteriores.pt\\\/loja\\\/produto\\\/recuperador-a-gas-matrix-1050-650-iii\\\/\",\"url\":\"https:\\\/\\\/mhinteriores.pt\\\/loja\\\/produto\\\/recuperador-a-gas-matrix-1050-650-iii\\\/\",\"name\":\"Recuperador a G\u00e1s Matrix 1050-650 III - MH Interiores - Loja Decora&ccedil;&atilde;o de Interiores\",\"isPartOf\":{\"@id\":\"https:\\\/\\\/mhinteriores.pt\\\/loja\\\/#website\"},\"primaryImageOfPage\":{\"@id\":\"https:\\\/\\\/mhinteriores.pt\\\/loja\\\/produto\\\/recuperador-a-gas-matrix-1050-650-iii\\\/#primaryimage\"},\"image\":{\"@id\":\"https:\\\/\\\/mhinteriores.pt\\\/loja\\\/produto\\\/recuperador-a-gas-matrix-1050-650-iii\\\/#primaryimage\"},\"thumbnailUrl\":\"https:\\\/\\\/mhinteriores.pt\\\/loja\\\/wp-content\\\/uploads\\\/2025\\\/10\\\/Recuperador-a-Gas-Matrix-1050-650-III-1.webp\",\"datePublished\":\"2025-10-01T10:17:30+00:00\",\"dateModified\":\"2025-10-01T10:36:01+00:00\",\"description\":\"Recuperador a G\u00e1s Faber Matrix 1050-650 III. Design trifacial, 10kW de pot\u00eancia, realismo incompar\u00e1vel e personaliza\u00e7\u00e3o total.\",\"breadcrumb\":{\"@id\":\"https:\\\/\\\/mhinteriores.pt\\\/loja\\\/produto\\\/recuperador-a-gas-matrix-1050-650-iii\\\/#breadcrumb\"},\"inLanguage\":\"pt-PT\",\"potentialAction\":[{\"@type\":\"ReadAction\",\"target\":[\"https:\\\/\\\/mhinteriores.pt\\\/loja\\\/produto\\\/recuperador-a-gas-matrix-1050-650-iii\\\/\"]}]},{\"@type\":\"ImageObject\",\"inLanguage\":\"pt-PT\",\"@id\":\"https:\\\/\\\/mhinteriores.pt\\\/loja\\\/produto\\\/recuperador-a-gas-matrix-1050-650-iii\\\/#primaryimage\",\"url\":\"https:\\\/\\\/mhinteriores.pt\\\/loja\\\/wp-content\\\/uploads\\\/2025\\\/10\\\/Recuperador-a-Gas-Matrix-1050-650-III-1.webp\",\"contentUrl\":\"https:\\\/\\\/mhinteriores.pt\\\/loja\\\/wp-content\\\/uploads\\\/2025\\\/10\\\/Recuperador-a-Gas-Matrix-1050-650-III-1.webp\",\"width\":500,\"height\":500,\"caption\":\"Recuperador a G\u00e1s Matrix 1050-650 III\"},{\"@type\":\"BreadcrumbList\",\"@id\":\"https:\\\/\\\/mhinteriores.pt\\\/loja\\\/produto\\\/recuperador-a-gas-matrix-1050-650-iii\\\/#breadcrumb\",\"itemListElement\":[{\"@type\":\"ListItem\",\"position\":1,\"name\":\"In\u00edcio\",\"item\":\"https:\\\/\\\/mhinteriores.pt\\\/loja\\\/\"},{\"@type\":\"ListItem\",\"position\":2,\"name\":\"Loja\",\"item\":\"https:\\\/\\\/mhinteriores.pt\\\/loja\\\/loja\\\/\"},{\"@type\":\"ListItem\",\"position\":3,\"name\":\"Recuperador a G\u00e1s Matrix 1050-650 III &#8211; MH Interiores\"}]},{\"@type\":\"WebSite\",\"@id\":\"https:\\\/\\\/mhinteriores.pt\\\/loja\\\/#website\",\"url\":\"https:\\\/\\\/mhinteriores.pt\\\/loja\\\/\",\"name\":\"Loja de Decora\u00e7\u00e3o - MH Interiores\",\"description\":\"MH Interiores\",\"publisher\":{\"@id\":\"https:\\\/\\\/mhinteriores.pt\\\/loja\\\/#organization\"},\"potentialAction\":[{\"@type\":\"SearchAction\",\"target\":{\"@type\":\"EntryPoint\",\"urlTemplate\":\"https:\\\/\\\/mhinteriores.pt\\\/loja\\\/?s={search_term_string}\"},\"query-input\":{\"@type\":\"PropertyValueSpecification\",\"valueRequired\":true,\"valueName\":\"search_term_string\"}}],\"inLanguage\":\"pt-PT\"},{\"@type\":\"Organization\",\"@id\":\"https:\\\/\\\/mhinteriores.pt\\\/loja\\\/#organization\",\"name\":\"Loja de Decora\u00e7\u00e3o - MH Interiores\",\"url\":\"https:\\\/\\\/mhinteriores.pt\\\/loja\\\/\",\"logo\":{\"@type\":\"ImageObject\",\"inLanguage\":\"pt-PT\",\"@id\":\"https:\\\/\\\/mhinteriores.pt\\\/loja\\\/#\\\/schema\\\/logo\\\/image\\\/\",\"url\":\"https:\\\/\\\/mhinteriores.pt\\\/loja\\\/wp-content\\\/uploads\\\/2024\\\/12\\\/cropped-MH-Interiores.png\",\"contentUrl\":\"https:\\\/\\\/mhinteriores.pt\\\/loja\\\/wp-content\\\/uploads\\\/2024\\\/12\\\/cropped-MH-Interiores.png\",\"width\":512,\"height\":512,\"caption\":\"Loja de Decora\u00e7\u00e3o - MH Interiores\"},\"image\":{\"@id\":\"https:\\\/\\\/mhinteriores.pt\\\/loja\\\/#\\\/schema\\\/logo\\\/image\\\/\"}}]}<\/script>\n<!-- \/ Yoast SEO Premium plugin. -->","yoast_head_json":{"title":"Recuperador a G\u00e1s Matrix 1050-650 III - MH Interiores - Loja Decora&ccedil;&atilde;o de Interiores","description":"Recuperador a G\u00e1s Faber Matrix 1050-650 III. Design trifacial, 10kW de pot\u00eancia, realismo incompar\u00e1vel e personaliza\u00e7\u00e3o total.","robots":{"index":"index","follow":"follow","max-snippet":"max-snippet:-1","max-image-preview":"max-image-preview:large","max-video-preview":"max-video-preview:-1"},"canonical":"https:\/\/mhinteriores.pt\/loja\/produto\/recuperador-a-gas-matrix-1050-650-iii\/","og_locale":"pt_PT","og_type":"article","og_title":"Recuperador a G\u00e1s Matrix 1050-650 III - MH Interiores","og_description":"Recuperador a G\u00e1s Faber Matrix 1050-650 III. Design trifacial, 10kW de pot\u00eancia, realismo incompar\u00e1vel e personaliza\u00e7\u00e3o total.","og_url":"https:\/\/mhinteriores.pt\/loja\/produto\/recuperador-a-gas-matrix-1050-650-iii\/","og_site_name":"Loja Decora&ccedil;&atilde;o de Interiores","article_modified_time":"2025-10-01T10:36:01+00:00","og_image":[{"width":500,"height":500,"url":"https:\/\/mhinteriores.pt\/loja\/wp-content\/uploads\/2025\/10\/Recuperador-a-Gas-Matrix-1050-650-III-1.webp","type":"image\/webp"}],"twitter_card":"summary_large_image","twitter_misc":{"Tempo estimado de leitura":"2 minutos"},"schema":{"@context":"https:\/\/schema.org","@graph":[{"@type":"WebPage","@id":"https:\/\/mhinteriores.pt\/loja\/produto\/recuperador-a-gas-matrix-1050-650-iii\/","url":"https:\/\/mhinteriores.pt\/loja\/produto\/recuperador-a-gas-matrix-1050-650-iii\/","name":"Recuperador a G\u00e1s Matrix 1050-650 III - MH Interiores - Loja Decora&ccedil;&atilde;o de Interiores","isPartOf":{"@id":"https:\/\/mhinteriores.pt\/loja\/#website"},"primaryImageOfPage":{"@id":"https:\/\/mhinteriores.pt\/loja\/produto\/recuperador-a-gas-matrix-1050-650-iii\/#primaryimage"},"image":{"@id":"https:\/\/mhinteriores.pt\/loja\/produto\/recuperador-a-gas-matrix-1050-650-iii\/#primaryimage"},"thumbnailUrl":"https:\/\/mhinteriores.pt\/loja\/wp-content\/uploads\/2025\/10\/Recuperador-a-Gas-Matrix-1050-650-III-1.webp","datePublished":"2025-10-01T10:17:30+00:00","dateModified":"2025-10-01T10:36:01+00:00","description":"Recuperador a G\u00e1s Faber Matrix 1050-650 III. Design trifacial, 10kW de pot\u00eancia, realismo incompar\u00e1vel e personaliza\u00e7\u00e3o total.","breadcrumb":{"@id":"https:\/\/mhinteriores.pt\/loja\/produto\/recuperador-a-gas-matrix-1050-650-iii\/#breadcrumb"},"inLanguage":"pt-PT","potentialAction":[{"@type":"ReadAction","target":["https:\/\/mhinteriores.pt\/loja\/produto\/recuperador-a-gas-matrix-1050-650-iii\/"]}]},{"@type":"ImageObject","inLanguage":"pt-PT","@id":"https:\/\/mhinteriores.pt\/loja\/produto\/recuperador-a-gas-matrix-1050-650-iii\/#primaryimage","url":"https:\/\/mhinteriores.pt\/loja\/wp-content\/uploads\/2025\/10\/Recuperador-a-Gas-Matrix-1050-650-III-1.webp","contentUrl":"https:\/\/mhinteriores.pt\/loja\/wp-content\/uploads\/2025\/10\/Recuperador-a-Gas-Matrix-1050-650-III-1.webp","width":500,"height":500,"caption":"Recuperador a G\u00e1s Matrix 1050-650 III"},{"@type":"BreadcrumbList","@id":"https:\/\/mhinteriores.pt\/loja\/produto\/recuperador-a-gas-matrix-1050-650-iii\/#breadcrumb","itemListElement":[{"@type":"ListItem","position":1,"name":"In\u00edcio","item":"https:\/\/mhinteriores.pt\/loja\/"},{"@type":"ListItem","position":2,"name":"Loja","item":"https:\/\/mhinteriores.pt\/loja\/loja\/"},{"@type":"ListItem","position":3,"name":"Recuperador a G\u00e1s Matrix 1050-650 III &#8211; MH Interiores"}]},{"@type":"WebSite","@id":"https:\/\/mhinteriores.pt\/loja\/#website","url":"https:\/\/mhinteriores.pt\/loja\/","name":"Loja de Decora\u00e7\u00e3o - MH Interiores","description":"MH Interiores","publisher":{"@id":"https:\/\/mhinteriores.pt\/loja\/#organization"},"potentialAction":[{"@type":"SearchAction","target":{"@type":"EntryPoint","urlTemplate":"https:\/\/mhinteriores.pt\/loja\/?s={search_term_string}"},"query-input":{"@type":"PropertyValueSpecification","valueRequired":true,"valueName":"search_term_string"}}],"inLanguage":"pt-PT"},{"@type":"Organization","@id":"https:\/\/mhinteriores.pt\/loja\/#organization","name":"Loja de Decora\u00e7\u00e3o - MH Interiores","url":"https:\/\/mhinteriores.pt\/loja\/","logo":{"@type":"ImageObject","inLanguage":"pt-PT","@id":"https:\/\/mhinteriores.pt\/loja\/#\/schema\/logo\/image\/","url":"https:\/\/mhinteriores.pt\/loja\/wp-content\/uploads\/2024\/12\/cropped-MH-Interiores.png","contentUrl":"https:\/\/mhinteriores.pt\/loja\/wp-content\/uploads\/2024\/12\/cropped-MH-Interiores.png","width":512,"height":512,"caption":"Loja de Decora\u00e7\u00e3o - MH Interiores"},"image":{"@id":"https:\/\/mhinteriores.pt\/loja\/#\/schema\/logo\/image\/"}}]}},"_links":{"self":[{"href":"https:\/\/mhinteriores.pt\/loja\/wp-json\/wp\/v2\/product\/5284","targetHints":{"allow":["GET"]}}],"collection":[{"href":"https:\/\/mhinteriores.pt\/loja\/wp-json\/wp\/v2\/product"}],"about":[{"href":"https:\/\/mhinteriores.pt\/loja\/wp-json\/wp\/v2\/types\/product"}],"replies":[{"embeddable":true,"href":"https:\/\/mhinteriores.pt\/loja\/wp-json\/wp\/v2\/comments?post=5284"}],"version-history":[{"count":1,"href":"https:\/\/mhinteriores.pt\/loja\/wp-json\/wp\/v2\/product\/5284\/revisions"}],"predecessor-version":[{"id":5287,"href":"https:\/\/mhinteriores.pt\/loja\/wp-json\/wp\/v2\/product\/5284\/revisions\/5287"}],"wp:featuredmedia":[{"embeddable":true,"href":"https:\/\/mhinteriores.pt\/loja\/wp-json\/wp\/v2\/media\/5286"}],"wp:attachment":[{"href":"https:\/\/mhinteriores.pt\/loja\/wp-json\/wp\/v2\/media?parent=5284"}],"wp:term":[{"taxonomy":"product_cat","embeddable":true,"href":"https:\/\/mhinteriores.pt\/loja\/wp-json\/wp\/v2\/product_cat?post=5284"},{"taxonomy":"product_tag","embeddable":true,"href":"https:\/\/mhinteriores.pt\/loja\/wp-json\/wp\/v2\/product_tag?post=5284"}],"curies":[{"name":"wp","href":"https:\/\/api.w.org\/{rel}","templated":true}]}}