{"id":5321,"date":"2025-10-01T12:35:02","date_gmt":"2025-10-01T12:35:02","guid":{"rendered":"https:\/\/mhinteriores.pt\/loja\/?post_type=product&#038;p=5321"},"modified":"2025-10-01T12:40:30","modified_gmt":"2025-10-01T12:40:30","slug":"lareira-a-bioetanol-50-90","status":"publish","type":"product","link":"https:\/\/mhinteriores.pt\/loja\/produto\/lareira-a-bioetanol-50-90\/","title":{"rendered":"Lareira a Bioetanol 50\/90 &#8211; MH Interiores"},"content":{"rendered":"<h2 style=\"text-align: left;\">Lareira a Bioetanol\u00a0 50\/90 &#8211; \u00a0<a href=\"https:\/\/mhinteriores.pt\/loja\/\">MH Interiores<\/a><\/h2>\n<p>A Lareira a Bioetanol 50-90 da Bio-O alia modernidade, design sofisticado e praticidade. Com acendimento autom\u00e1tico, elevada seguran\u00e7a e at\u00e9 20h de autonomia, \u00e9 a escolha perfeita para criar um ambiente acolhedor e elegante sem necessidade de chamin\u00e9.<\/p>\n<h3 data-start=\"1165\" data-end=\"1198\">Caracter\u00edsticas T\u00e9cnicas<\/h3>\n<ul>\n<li data-start=\"538\" data-end=\"572\">\n<p data-start=\"540\" data-end=\"572\"><strong data-start=\"540\" data-end=\"566\">Pot\u00eancia t\u00e9rmica (Kw):<\/strong> 2,9<\/p>\n<\/li>\n<li data-start=\"573\" data-end=\"600\">\n<p data-start=\"575\" data-end=\"600\"><strong data-start=\"575\" data-end=\"594\">Consumo (ml\/h):<\/strong> 500<\/p>\n<\/li>\n<li data-start=\"601\" data-end=\"654\">\n<p data-start=\"603\" data-end=\"654\"><strong data-start=\"603\" data-end=\"633\">Dimens\u00f5es sem aro (LxPxA):<\/strong> 892 x 305 x 440 mm<\/p>\n<\/li>\n<li data-start=\"655\" data-end=\"682\">\n<p data-start=\"657\" data-end=\"682\"><strong data-start=\"657\" data-end=\"674\">Peso sem aro:<\/strong> 20 kg<\/p>\n<\/li>\n<li data-start=\"683\" data-end=\"736\">\n<p data-start=\"685\" data-end=\"736\"><strong data-start=\"685\" data-end=\"715\">Dimens\u00f5es com aro (LxPxA):<\/strong> 972 x 305 x 480 mm<\/p>\n<\/li>\n<li data-start=\"737\" data-end=\"781\">\n<p data-start=\"739\" data-end=\"781\"><strong data-start=\"739\" data-end=\"766\">Abertura com aro (LxP):<\/strong> 952 x 470 mm<\/p>\n<\/li>\n<\/ul>\n<h3 data-start=\"1547\" data-end=\"1586\"><\/h3>\n<h3 data-start=\"1547\" data-end=\"1586\">Principais Vantagens<\/h3>\n<ul data-start=\"841\" data-end=\"1651\">\n<li data-start=\"841\" data-end=\"919\">\n<p data-start=\"843\" data-end=\"919\"><strong data-start=\"843\" data-end=\"870\">Acendimento autom\u00e1tico:<\/strong> basta pressionar um bot\u00e3o para acender o fogo.<\/p>\n<\/li>\n<li data-start=\"920\" data-end=\"998\">\n<p data-start=\"922\" data-end=\"998\"><strong data-start=\"922\" data-end=\"944\">Autonomia at\u00e9 20h:<\/strong> dep\u00f3sito eficiente para longas horas de utiliza\u00e7\u00e3o.<\/p>\n<\/li>\n<li data-start=\"999\" data-end=\"1108\">\n<p data-start=\"1001\" data-end=\"1108\"><strong data-start=\"1001\" data-end=\"1020\">Design moderno:<\/strong> queimador em linha ultra-fino sobre base de pedra, semelhante a um equipamento a g\u00e1s.<\/p>\n<\/li>\n<li data-start=\"1109\" data-end=\"1267\">\n<p data-start=\"1111\" data-end=\"1267\"><strong data-start=\"1111\" data-end=\"1133\">Elevada seguran\u00e7a:<\/strong> dep\u00f3sito do biocombust\u00edvel isolado e sistema monitorizado por microcomputador que garante desligamento autom\u00e1tico em caso de falha.<\/p>\n<\/li>\n<li data-start=\"1268\" data-end=\"1353\">\n<p data-start=\"1270\" data-end=\"1353\"><strong data-start=\"1270\" data-end=\"1290\">Certifica\u00e7\u00e3o CE:<\/strong> cumpre rigorosamente todas as normas de seguran\u00e7a europeias.<\/p>\n<\/li>\n<li data-start=\"1354\" data-end=\"1458\">\n<p data-start=\"1356\" data-end=\"1458\"><strong data-start=\"1356\" data-end=\"1379\">Instala\u00e7\u00e3o simples:<\/strong> basta ligar \u00e0 tomada e conectar o tubo fornecido entre dep\u00f3sito e queimador.<\/p>\n<\/li>\n<li data-start=\"1459\" data-end=\"1562\">\n<p data-start=\"1461\" data-end=\"1562\"><strong data-start=\"1461\" data-end=\"1481\">Uso respons\u00e1vel:<\/strong> requer ventila\u00e7\u00e3o adequada, sendo necess\u00e1rio instalar grelha de entrada de ar.<\/p>\n<\/li>\n<li data-start=\"1563\" data-end=\"1651\">\n<p data-start=\"1565\" data-end=\"1651\"><strong data-start=\"1565\" data-end=\"1589\">Elemento decorativo:<\/strong> mesmo desligada, a lareira destaca-se pelo design elegante.<\/p>\n<\/li>\n<\/ul>\n","protected":false},"excerpt":{"rendered":"<p>Lareira a Bioetanol\u00a0 50\/90 &#8211; \u00a0MH Interiores A Lareira a Bioetanol 50-90 da Bio-O alia modernidade, design sofisticado e praticidade. Com acendimento autom\u00e1tico, elevada seguran\u00e7a e at\u00e9 20h de autonomia,<\/p>\n","protected":false},"featured_media":5323,"comment_status":"open","ping_status":"closed","template":"","meta":[],"product_cat":[235],"product_tag":[],"class_list":{"0":"post-5321","1":"product","2":"type-product","3":"status-publish","4":"has-post-thumbnail","6":"product_brand-bio-o","7":"product_cat-lareira-a-bioetanol","9":"first","10":"instock","11":"shipping-taxable","12":"product-type-simple"},"yoast_head":"<!-- This site is optimized with the Yoast SEO Premium plugin v24.0 (Yoast SEO v27.4) - https:\/\/yoast.com\/product\/yoast-seo-premium-wordpress\/ -->\n<title>Lareira a Bioetanol 50\/90 - MH Interiores - Loja Decora&ccedil;&atilde;o de Interiores<\/title>\n<meta name=\"description\" content=\"Lareira a Bioetanol 50-90 da Bio-O, moderna e segura, com acendimento autom\u00e1tico, autonomia at\u00e9 20h e design sofisticado para qualquer espa\u00e7o.\" \/>\n<meta name=\"robots\" content=\"index, follow, max-snippet:-1, max-image-preview:large, max-video-preview:-1\" \/>\n<link rel=\"canonical\" href=\"https:\/\/mhinteriores.pt\/loja\/produto\/lareira-a-bioetanol-50-90\/\" \/>\n<meta property=\"og:locale\" content=\"pt_PT\" \/>\n<meta property=\"og:type\" content=\"article\" \/>\n<meta property=\"og:title\" content=\"Lareira a Bioetanol 50\/90 - MH Interiores\" \/>\n<meta property=\"og:description\" content=\"Lareira a Bioetanol 50-90 da Bio-O, moderna e segura, com acendimento autom\u00e1tico, autonomia at\u00e9 20h e design sofisticado para qualquer espa\u00e7o.\" \/>\n<meta property=\"og:url\" content=\"https:\/\/mhinteriores.pt\/loja\/produto\/lareira-a-bioetanol-50-90\/\" \/>\n<meta property=\"og:site_name\" content=\"Loja Decora&ccedil;&atilde;o de Interiores\" \/>\n<meta property=\"article:modified_time\" content=\"2025-10-01T12:40:30+00:00\" \/>\n<meta property=\"og:image\" content=\"https:\/\/mhinteriores.pt\/loja\/wp-content\/uploads\/2025\/10\/Lareira-a-Bioetanol-5090-2.webp\" \/>\n\t<meta property=\"og:image:width\" content=\"800\" \/>\n\t<meta property=\"og:image:height\" content=\"800\" \/>\n\t<meta property=\"og:image:type\" content=\"image\/webp\" \/>\n<meta name=\"twitter:card\" content=\"summary_large_image\" \/>\n<meta name=\"twitter:label1\" content=\"Tempo estimado de leitura\" \/>\n\t<meta name=\"twitter:data1\" content=\"2 minutos\" \/>\n<script type=\"application\/ld+json\" class=\"yoast-schema-graph\">{\"@context\":\"https:\\\/\\\/schema.org\",\"@graph\":[{\"@type\":\"WebPage\",\"@id\":\"https:\\\/\\\/mhinteriores.pt\\\/loja\\\/produto\\\/lareira-a-bioetanol-50-90\\\/\",\"url\":\"https:\\\/\\\/mhinteriores.pt\\\/loja\\\/produto\\\/lareira-a-bioetanol-50-90\\\/\",\"name\":\"Lareira a Bioetanol 50\\\/90 - MH Interiores - Loja Decora&ccedil;&atilde;o de Interiores\",\"isPartOf\":{\"@id\":\"https:\\\/\\\/mhinteriores.pt\\\/loja\\\/#website\"},\"primaryImageOfPage\":{\"@id\":\"https:\\\/\\\/mhinteriores.pt\\\/loja\\\/produto\\\/lareira-a-bioetanol-50-90\\\/#primaryimage\"},\"image\":{\"@id\":\"https:\\\/\\\/mhinteriores.pt\\\/loja\\\/produto\\\/lareira-a-bioetanol-50-90\\\/#primaryimage\"},\"thumbnailUrl\":\"https:\\\/\\\/mhinteriores.pt\\\/loja\\\/wp-content\\\/uploads\\\/2025\\\/10\\\/Lareira-a-Bioetanol-5090-2.webp\",\"datePublished\":\"2025-10-01T12:35:02+00:00\",\"dateModified\":\"2025-10-01T12:40:30+00:00\",\"description\":\"Lareira a Bioetanol 50-90 da Bio-O, moderna e segura, com acendimento autom\u00e1tico, autonomia at\u00e9 20h e design sofisticado para qualquer espa\u00e7o.\",\"breadcrumb\":{\"@id\":\"https:\\\/\\\/mhinteriores.pt\\\/loja\\\/produto\\\/lareira-a-bioetanol-50-90\\\/#breadcrumb\"},\"inLanguage\":\"pt-PT\",\"potentialAction\":[{\"@type\":\"ReadAction\",\"target\":[\"https:\\\/\\\/mhinteriores.pt\\\/loja\\\/produto\\\/lareira-a-bioetanol-50-90\\\/\"]}]},{\"@type\":\"ImageObject\",\"inLanguage\":\"pt-PT\",\"@id\":\"https:\\\/\\\/mhinteriores.pt\\\/loja\\\/produto\\\/lareira-a-bioetanol-50-90\\\/#primaryimage\",\"url\":\"https:\\\/\\\/mhinteriores.pt\\\/loja\\\/wp-content\\\/uploads\\\/2025\\\/10\\\/Lareira-a-Bioetanol-5090-2.webp\",\"contentUrl\":\"https:\\\/\\\/mhinteriores.pt\\\/loja\\\/wp-content\\\/uploads\\\/2025\\\/10\\\/Lareira-a-Bioetanol-5090-2.webp\",\"width\":800,\"height\":800,\"caption\":\"Lareira a Bioetanol\u00a0 5090 (2)\"},{\"@type\":\"BreadcrumbList\",\"@id\":\"https:\\\/\\\/mhinteriores.pt\\\/loja\\\/produto\\\/lareira-a-bioetanol-50-90\\\/#breadcrumb\",\"itemListElement\":[{\"@type\":\"ListItem\",\"position\":1,\"name\":\"In\u00edcio\",\"item\":\"https:\\\/\\\/mhinteriores.pt\\\/loja\\\/\"},{\"@type\":\"ListItem\",\"position\":2,\"name\":\"Loja\",\"item\":\"https:\\\/\\\/mhinteriores.pt\\\/loja\\\/loja\\\/\"},{\"@type\":\"ListItem\",\"position\":3,\"name\":\"Lareira a Bioetanol 50\\\/90 &#8211; MH Interiores\"}]},{\"@type\":\"WebSite\",\"@id\":\"https:\\\/\\\/mhinteriores.pt\\\/loja\\\/#website\",\"url\":\"https:\\\/\\\/mhinteriores.pt\\\/loja\\\/\",\"name\":\"Loja de Decora\u00e7\u00e3o - MH Interiores\",\"description\":\"MH Interiores\",\"publisher\":{\"@id\":\"https:\\\/\\\/mhinteriores.pt\\\/loja\\\/#organization\"},\"potentialAction\":[{\"@type\":\"SearchAction\",\"target\":{\"@type\":\"EntryPoint\",\"urlTemplate\":\"https:\\\/\\\/mhinteriores.pt\\\/loja\\\/?s={search_term_string}\"},\"query-input\":{\"@type\":\"PropertyValueSpecification\",\"valueRequired\":true,\"valueName\":\"search_term_string\"}}],\"inLanguage\":\"pt-PT\"},{\"@type\":\"Organization\",\"@id\":\"https:\\\/\\\/mhinteriores.pt\\\/loja\\\/#organization\",\"name\":\"Loja de Decora\u00e7\u00e3o - MH Interiores\",\"url\":\"https:\\\/\\\/mhinteriores.pt\\\/loja\\\/\",\"logo\":{\"@type\":\"ImageObject\",\"inLanguage\":\"pt-PT\",\"@id\":\"https:\\\/\\\/mhinteriores.pt\\\/loja\\\/#\\\/schema\\\/logo\\\/image\\\/\",\"url\":\"https:\\\/\\\/mhinteriores.pt\\\/loja\\\/wp-content\\\/uploads\\\/2024\\\/12\\\/cropped-MH-Interiores.png\",\"contentUrl\":\"https:\\\/\\\/mhinteriores.pt\\\/loja\\\/wp-content\\\/uploads\\\/2024\\\/12\\\/cropped-MH-Interiores.png\",\"width\":512,\"height\":512,\"caption\":\"Loja de Decora\u00e7\u00e3o - MH Interiores\"},\"image\":{\"@id\":\"https:\\\/\\\/mhinteriores.pt\\\/loja\\\/#\\\/schema\\\/logo\\\/image\\\/\"}}]}<\/script>\n<!-- \/ Yoast SEO Premium plugin. -->","yoast_head_json":{"title":"Lareira a Bioetanol 50\/90 - MH Interiores - Loja Decora&ccedil;&atilde;o de Interiores","description":"Lareira a Bioetanol 50-90 da Bio-O, moderna e segura, com acendimento autom\u00e1tico, autonomia at\u00e9 20h e design sofisticado para qualquer espa\u00e7o.","robots":{"index":"index","follow":"follow","max-snippet":"max-snippet:-1","max-image-preview":"max-image-preview:large","max-video-preview":"max-video-preview:-1"},"canonical":"https:\/\/mhinteriores.pt\/loja\/produto\/lareira-a-bioetanol-50-90\/","og_locale":"pt_PT","og_type":"article","og_title":"Lareira a Bioetanol 50\/90 - MH Interiores","og_description":"Lareira a Bioetanol 50-90 da Bio-O, moderna e segura, com acendimento autom\u00e1tico, autonomia at\u00e9 20h e design sofisticado para qualquer espa\u00e7o.","og_url":"https:\/\/mhinteriores.pt\/loja\/produto\/lareira-a-bioetanol-50-90\/","og_site_name":"Loja Decora&ccedil;&atilde;o de Interiores","article_modified_time":"2025-10-01T12:40:30+00:00","og_image":[{"width":800,"height":800,"url":"https:\/\/mhinteriores.pt\/loja\/wp-content\/uploads\/2025\/10\/Lareira-a-Bioetanol-5090-2.webp","type":"image\/webp"}],"twitter_card":"summary_large_image","twitter_misc":{"Tempo estimado de leitura":"2 minutos"},"schema":{"@context":"https:\/\/schema.org","@graph":[{"@type":"WebPage","@id":"https:\/\/mhinteriores.pt\/loja\/produto\/lareira-a-bioetanol-50-90\/","url":"https:\/\/mhinteriores.pt\/loja\/produto\/lareira-a-bioetanol-50-90\/","name":"Lareira a Bioetanol 50\/90 - MH Interiores - Loja Decora&ccedil;&atilde;o de Interiores","isPartOf":{"@id":"https:\/\/mhinteriores.pt\/loja\/#website"},"primaryImageOfPage":{"@id":"https:\/\/mhinteriores.pt\/loja\/produto\/lareira-a-bioetanol-50-90\/#primaryimage"},"image":{"@id":"https:\/\/mhinteriores.pt\/loja\/produto\/lareira-a-bioetanol-50-90\/#primaryimage"},"thumbnailUrl":"https:\/\/mhinteriores.pt\/loja\/wp-content\/uploads\/2025\/10\/Lareira-a-Bioetanol-5090-2.webp","datePublished":"2025-10-01T12:35:02+00:00","dateModified":"2025-10-01T12:40:30+00:00","description":"Lareira a Bioetanol 50-90 da Bio-O, moderna e segura, com acendimento autom\u00e1tico, autonomia at\u00e9 20h e design sofisticado para qualquer espa\u00e7o.","breadcrumb":{"@id":"https:\/\/mhinteriores.pt\/loja\/produto\/lareira-a-bioetanol-50-90\/#breadcrumb"},"inLanguage":"pt-PT","potentialAction":[{"@type":"ReadAction","target":["https:\/\/mhinteriores.pt\/loja\/produto\/lareira-a-bioetanol-50-90\/"]}]},{"@type":"ImageObject","inLanguage":"pt-PT","@id":"https:\/\/mhinteriores.pt\/loja\/produto\/lareira-a-bioetanol-50-90\/#primaryimage","url":"https:\/\/mhinteriores.pt\/loja\/wp-content\/uploads\/2025\/10\/Lareira-a-Bioetanol-5090-2.webp","contentUrl":"https:\/\/mhinteriores.pt\/loja\/wp-content\/uploads\/2025\/10\/Lareira-a-Bioetanol-5090-2.webp","width":800,"height":800,"caption":"Lareira a Bioetanol\u00a0 5090 (2)"},{"@type":"BreadcrumbList","@id":"https:\/\/mhinteriores.pt\/loja\/produto\/lareira-a-bioetanol-50-90\/#breadcrumb","itemListElement":[{"@type":"ListItem","position":1,"name":"In\u00edcio","item":"https:\/\/mhinteriores.pt\/loja\/"},{"@type":"ListItem","position":2,"name":"Loja","item":"https:\/\/mhinteriores.pt\/loja\/loja\/"},{"@type":"ListItem","position":3,"name":"Lareira a Bioetanol 50\/90 &#8211; MH Interiores"}]},{"@type":"WebSite","@id":"https:\/\/mhinteriores.pt\/loja\/#website","url":"https:\/\/mhinteriores.pt\/loja\/","name":"Loja de Decora\u00e7\u00e3o - MH Interiores","description":"MH Interiores","publisher":{"@id":"https:\/\/mhinteriores.pt\/loja\/#organization"},"potentialAction":[{"@type":"SearchAction","target":{"@type":"EntryPoint","urlTemplate":"https:\/\/mhinteriores.pt\/loja\/?s={search_term_string}"},"query-input":{"@type":"PropertyValueSpecification","valueRequired":true,"valueName":"search_term_string"}}],"inLanguage":"pt-PT"},{"@type":"Organization","@id":"https:\/\/mhinteriores.pt\/loja\/#organization","name":"Loja de Decora\u00e7\u00e3o - MH Interiores","url":"https:\/\/mhinteriores.pt\/loja\/","logo":{"@type":"ImageObject","inLanguage":"pt-PT","@id":"https:\/\/mhinteriores.pt\/loja\/#\/schema\/logo\/image\/","url":"https:\/\/mhinteriores.pt\/loja\/wp-content\/uploads\/2024\/12\/cropped-MH-Interiores.png","contentUrl":"https:\/\/mhinteriores.pt\/loja\/wp-content\/uploads\/2024\/12\/cropped-MH-Interiores.png","width":512,"height":512,"caption":"Loja de Decora\u00e7\u00e3o - MH Interiores"},"image":{"@id":"https:\/\/mhinteriores.pt\/loja\/#\/schema\/logo\/image\/"}}]}},"_links":{"self":[{"href":"https:\/\/mhinteriores.pt\/loja\/wp-json\/wp\/v2\/product\/5321","targetHints":{"allow":["GET"]}}],"collection":[{"href":"https:\/\/mhinteriores.pt\/loja\/wp-json\/wp\/v2\/product"}],"about":[{"href":"https:\/\/mhinteriores.pt\/loja\/wp-json\/wp\/v2\/types\/product"}],"replies":[{"embeddable":true,"href":"https:\/\/mhinteriores.pt\/loja\/wp-json\/wp\/v2\/comments?post=5321"}],"version-history":[{"count":1,"href":"https:\/\/mhinteriores.pt\/loja\/wp-json\/wp\/v2\/product\/5321\/revisions"}],"predecessor-version":[{"id":5324,"href":"https:\/\/mhinteriores.pt\/loja\/wp-json\/wp\/v2\/product\/5321\/revisions\/5324"}],"wp:featuredmedia":[{"embeddable":true,"href":"https:\/\/mhinteriores.pt\/loja\/wp-json\/wp\/v2\/media\/5323"}],"wp:attachment":[{"href":"https:\/\/mhinteriores.pt\/loja\/wp-json\/wp\/v2\/media?parent=5321"}],"wp:term":[{"taxonomy":"product_cat","embeddable":true,"href":"https:\/\/mhinteriores.pt\/loja\/wp-json\/wp\/v2\/product_cat?post=5321"},{"taxonomy":"product_tag","embeddable":true,"href":"https:\/\/mhinteriores.pt\/loja\/wp-json\/wp\/v2\/product_tag?post=5321"}],"curies":[{"name":"wp","href":"https:\/\/api.w.org\/{rel}","templated":true}]}}